d be a(l). Calculate the highest common divisor of 363 and d.
33
Suppose -29224 - 3198 = -754*j. Calculate the greatest common factor of 172 and j.
43
Let k(c) = c**2 - 219*c + 1531. Let h be k(7). Let i be (5*14 - -1)*1. Let g = i - h. Calculate the highest common factor of 8 and g.
8
Let j = -183 - -184. Let n = 2 - j. Calculate the greatest common factor of n and 11.
1
Let s be (-1)/((-263448)/11454 + 23). Calculate the greatest common factor of s and 23.
23
Let g(z) = z - 2. Let u(p) = -124*p - 56. Let n(a) = -16*g(a) - u(a). Let o be n(4). Calculate the greatest common divisor of o and 40.
40
Let n(w) = -2*w**2 - 17*w - 19. Let u be n(-7). Suppose -4*g + 1508 = -3*z, 0*z - u*z - 754 = -2*g. What is the highest common factor of g and 13?
13
Suppose q - 1948 = -2*d, 81*d = 78*d - 5*q + 2936. Calculate the highest common divisor of 36 and d.
36
Let r = 214 - 148. Suppose 5*v - 16*v + r = 0. What is the highest common divisor of 27 and v?
3
Let d(h) = -8*h + 43. Let s be d(6). Let n be -7 - 24/(-8) - s. Suppose -4*u - 4*p + 4 = 0, -u + 6*u = p + 29. What is the highest common divisor of u and n?
1
Let x(m) = -m**3 - 21*m**2 + m + 27. Let v be x(-21). Calculate the highest common factor of v and 54.
6
Suppose x - 27 = g, 3*g = -g - 5*x - 90. Let m be -22 + g/(-5) + -10. Let d = 56 + m. Calculate the greatest common factor of 29 and d.
29
Let y = 371 + -263. Let u(f) = f**3 + 19*f**2 - 41*f + 48. Let k be u(-21). What is the greatest common factor of k and y?
27
Let r be (-6)/24 - (1 - (-55)/4). Let o = 22 + r. Calculate the highest common factor of o and 140.
7
Suppose -3*y = 15, 0 = -3*t + t - 3*y + 39. Let j(m) = 88*m - 255. Let s be j(3). What is the highest common factor of s and t?
9
Suppose -i = -2*l + 330, 5*l - 235 = i + 599. Calculate the greatest common factor of 3598 and l.
14
Let t = 1464 - 1420. Calculate the greatest common factor of t and 198.
22
Let v(l) = 221*l**3 + 2*l + 3. Let p be v(-1). Let s be 150/22 - 40/p. Calculate the highest common divisor of 259 and s.
7
Let x(p) = 3*p**2 - 11*p - 6. Let r(j) = -4*j**2 + 13*j + 4. Let f(z) = -6*r(z) - 7*x(z). Let d be f(-4). Calculate the highest common divisor of 50 and d.
10
Let h be (0 + (-20)/3)/((-134)/1005). Calculate the highest common factor of h and 6050.
50
Let n(u) = -26*u**3 + 21*u**2 + 18*u - 4. Let c be n(-1). Calculate the greatest common divisor of 115 and c.
5
Let m = 413 - 376. Suppose -4*v + a = -149, 3 = -2*a + 1. Calculate the greatest common factor of m and v.
37
Let w(c) = 6*c**2 - 20*c - 131. Let g be w(-4). What is the greatest common factor of 1773 and g?
9
Suppose 658 = q - 5*l - 846, -5*l - 9099 = -6*q. Calculate the highest common divisor of 31 and q.
31
Suppose -r + 5*a + 615 = 0, -6*r + 3*a = -3038 - 679. Calculate the highest common factor of r and 2356.
124
Let a = 260 - 250. Suppose 1 = -3*v + a, 2*j - v = 27. Let u(m) = 60*m**3 + m - 1. Let r be u(1). What is the greatest common factor of j and r?
15
Let c(u) = 8*u**2 - 349*u + 15. Let d be c(46). Calculate the highest common divisor of d and 28.
7
Let y(d) = 21*d - 15. Suppose 6 - 11 = -q. Let g be y(q). What is the highest common factor of g and 18?
18
Suppose 4*v = 0, -4*m + 3*v + 162 = -3*m. Suppose -4*o - 38 = -g, 5*g - 4*o = -2*o + 100. What is the greatest common factor of m and g?
18
Let a be 469 - -1*(5 - 14). Calculate the highest common factor of 100 and a.
20
Let o(z) = -23*z - 2091. Let w be o(-96). Calculate the highest common divisor of 26 and w.
13
Suppose 0 = -27*c + 14*c - 27*c + 184320. What is the greatest common divisor of c and 9?
9
Let m = 332 + -323. Let h be (m - 6) + 1 - -1*20. Calculate the greatest common factor of h and 104.
8
Let x be ((-6)/(-4))/((-3)/(-6)). Let k = -85 - -77. Let m be (k + 10)*15/2. Calculate the highest common factor of x and m.
3
Suppose -4*h + 5*p + 313 = 0, -2*h + 202 = -5*p + 53. Suppose -h = 5*q + d - 850, 2*q = 4*d + 294. What is the highest common divisor of q and 9?
9
Suppose -k = -3*k + 4. Let o = -7283 + 7329. Calculate the highest common factor of k and o.
2
Suppose 6*l - 218 = 202. Calculate the greatest common divisor of 644 and l.
14
Let s be (-2)/19 - ((-30052)/(-209))/2. Let q be -5 + s/(-6) + 163. Calculate the greatest common factor of q and 17.
17
Suppose -4*z + 36 = 2*q, 36 = 4*z - 0*z - q. Let b(x) = -17*x - 9. Let i be b(-4). Suppose 66*g - 7 = i*g. What is the highest common factor of g and z?
1
Suppose -z - 826 = -2216. Calculate the highest common divisor of 973 and z.
139
Let i(w) = 21*w + 1535. Let b be i(-67). Let k = 5 + -8. Let p = k + 11. What is the highest common factor of b and p?
8
Suppose y + 2054 = 3*y - a, -3*y + 4*a + 3096 = 0. What is the greatest common factor of y and 36?
4
Let b = -5 + 14. Suppose -18*g - 56760 + 59352 = 0. Calculate the highest common divisor of b and g.
9
Let k(t) = 3*t**3 - 155*t**2 - 58*t + 358. Let g be k(52). Calculate the greatest common factor of g and 2.
2
Suppose 5*o = -o + 18. Suppose -o*m + 2*m + 162 = 2*c, -2*c = -3*m - 178. Suppose 49 = 4*p - c. What is the greatest common divisor of 11 and p?
11
Let v = 20600 + -20467. What is the greatest common divisor of 5453 and v?
133
Let v = -116 + 140. Let h(w) = w**3 - 24*w**2 + 9*w + 54. Let z be h(v). What is the greatest common divisor of 108 and z?
54
Suppose 207 = 12*u + 483. Let d(w) = -w**3 - 22*w**2 + 21*w + 62. Let l be d(u). What is the greatest common factor of 4 and l?
4
Suppose -331 = -4*c + 181. Let k = c - 123. Let a be 3/k - ((-508)/20 + 5). What is the highest common factor of a and 3?
3
Let m(q) = 24*q**3 + 5*q**2 - 7*q - 9. Let o be m(2). Calculate the greatest common factor of o and 231.
21
Let m = 913 - 726. Suppose 186*g - m*g = -6. Calculate the highest common divisor of 21 and g.
3
Let h be ((-28)/14)/(14/(-777)). Calculate the highest common factor of 851 and h.
37
Suppose -2*i = 4*q - 2, 24*i - 19*i + q - 23 = 0. Calculate the greatest common factor of i and 2.
1
Let q = 3436 - 3405. What is the highest common factor of 1829 and q?
31
Let c be -2 + 299 + 112/28. Let b be 3 - 1*(-7 - -3). Calculate the highest common factor of c and b.
7
Let w be 2/(-4)*1*-12 - 4. Suppose -w*z + 3*z - 4*f = 37, 5*f = -3*z + 196. Let q = z - 33. What is the highest common divisor of q and 36?
12
Let b(l) = 24*l**2 + 29*l + 49. Let i(z) = -13*z**2 - 15*z - 25. Let g(r) = 6*b(r) + 11*i(r). Let u be g(-8). What is the greatest common divisor of 143 and u?
11
Let s = 8313 + -2649. What is the greatest common divisor of s and 177?
177
Let u(x) = -80*x + 1722. Let z be u(21). What is the greatest common factor of z and 686?
14
Suppose -r + 8*m - 3*m - 529 = 0, -m = -1. Let l be r/(-10) - (-30)/(-75). What is the highest common factor of l and 130?
26
Let b = 26 + -14. Let l(a) = a**3 + 2*a**2 + 384*a + 1574. Let s be l(-4). What is the highest common divisor of b and s?
6
Let t be (-4)/(-18) - (-13386)/27. Let w = -105316 + 105409. What is the highest common divisor of w and t?
31
Suppose 4*k = -2*l + 278, 16*k - 17*k + 75 = -5*l. Suppose -5*p = -4*v + 710, -2*p - 4 = -0. Calculate the greatest common factor of v and k.
35
Suppose z - 63 = -44. Let u = -56 + z. Let p = u - -42. What is the greatest common divisor of p and 20?
5
Let y = -23 + 40. Suppose 3*p - 3*j + 0 - 15 = 0, 5*p - 1 = -j. Calculate the greatest common factor of y and p.
1
Suppose 0 = -5*p - 2*d + 27, 2*d = 3*d - 1. What is the greatest common divisor of 6910 and p?
5
Let z = -1147 - -2651. What is the greatest common factor of 64 and z?
32
Let j(x) = 10 + 8 + 1 - x. Let l be j(4). Suppose 5*h - l = -a + 6*h, 3 = -a - 5*h. Calculate the greatest common factor of a and 132.
12
Let i = 6031 + -5863. Calculate the greatest common divisor of i and 11004.
84
Let p(m) = -274*m**2 - 11*m + 1. Let s be p(1). Let h = s - -322. Calculate the highest common divisor of 114 and h.
38
Let k = 4712 + -3515. Calculate the greatest common factor of k and 133.
133
Let r(i) = 10*i**2 - 161. Let k be r(6). What is the highest common factor of k and 796?
199
Suppose 115 = 4*r - 97. Suppose 14*i - 114 = 20*i. Let a = i + r. Calculate the greatest common divisor of a and 85.
17
Let v be (((-1)/(-3))/((-12)/(-1080)))/1. Calculate the greatest common divisor of 1530 and v.
30
Let q(w)